 Calculate h(i).
-7
Let d(k) = -k**3 - 8*k**2 - 3. Let w be (-324)/42 + ((-8)/(-14))/(-2). Calculate d(w).
-3
Suppose 4*a + 9 = -2*c + 1, 4 = -2*c - 3*a. Suppose -2*h = -4*h. Suppose f + x = -h*f + c, 0 = -2*f + x + 8. Let i(v) = -v**2 + 7*v + 3. Calculate i(f).
15
Let i(h) = 0 + 5*h + 11*h - 8 - 15*h. What is i(11)?
3
Let z(s) = -s**2 - 4*s. Suppose 0 = w - 2 + 5. Let f(y) = -3*y + 11. Let p be f(w). Suppose i + i - 4*l + p = 0, -2*l - 2 = 2*i. Determine z(i).
0
Let o(b) = 5*b - 1. Let r(f) = -14*f + 8. Let k(m) = -5*o(m) - r(m). What is k(-2)?
19
Let r(w) = w + 14. Let a = 45 + -45. What is r(a)?
14
Let k(i) = -i**3 - 12*i**2 - 10*i + 8. Let s be (-18 - 4)*1/2. Determine k(s).
-3
Suppose 4 = 2*x + 3*m, 5*m = x + m + 31. Let z(o) be the third derivative of o**4/24 + o**3 + 2*o**2. Give z(x).
-1
Let j(s) be the first derivative of -s**3/3 - 5*s**2/2 + 28*s + 650. Give j(-8).
4
Let v(c) be the first derivative of c**3/3 + 21*c**2/2 + 26*c + 502. What is v(-20)?
6
Let m(h) = -3*h + 11. Suppose -3 = -3*w, -3*z + 18 = -2*w + 8. What is m(z)?
-1
Let w(s) = s**3 - s**2 - s. Suppose -2*f = -6*f + 40. Suppose 13*z - f = 8*z. Determine w(z).
2
Let j = -26 - -22. Let x be ((-6)/4)/(j/8). Suppose x*n = 7*n - 16. Let h(c) = -c**3 + 5*c**2 - 2*c - 3. Calculate h(n).
5
Let p(b) = b**3 - 2*b**2 - 3*b - 2. Let i(v) = -2*v**3 + v**2 - 1. Let m be i(1). What is p(m)?
-12
Suppose -3*n + 23 = -26*n. Let p(z) = 11*z**3 + 2*z**2 + 4*z + 2. What is p(n)?
-11
Suppose 4 = -2*s - 2*s, 3*a = -5*s - 17. Let d(z) = 2*z - 1. Let l(b) = b - 1. Let o(y) = -4*d(y) + 5*l(y). What is o(a)?
11
Let d(t) = t**3 - 5*t**2 + 3*t + 2. Suppose o + 70 = 3*o - 2*m, 0 = 3*o + 2*m - 90. Let k = 36 - o. Give d(k).
-2
Let d(b) = 2*b**2 + b - 1. Suppose -k - 2*l = 56, k - 82 = 3*k - 2*l. Let x = -70 - k. Let u be (-12)/x*(-4)/(-2). Determine d(u).
2
Let c(i) = -i + 7. Let l be c(15). Let w be ((-2)/l*-1)/(1/4). Let a(p) = -p**2 + p. Let s(h) = -5*h**2 - 3*h - 1. Let f(m) = 2*a(m) + s(m). Give f(w).
-7
Let c(d) be the second derivative of d**4/12 + d**3/6 - 11*d**2/2 + 87*d. Determine c(3).
1
Let z(g) = 78 - 228 + 73 + 78 - 37*g**2 + g. Determine z(-1).
-37
Suppose 6*d - 291 = -309. Let k(j) = -2*j**2 + 3*j - 2. Give k(d).
-29
Let p(f) = -f**3 - 13*f**2 + 10*f + 3. Let q be p(-14). Let t(c) = -q - 3*c + 30 + 29. Determine t(-1).
3
Let x(b) = -7*b**3 + 7*b**2 + 21*b + 13. Let d(k) = -4*k**3 + 3*k**2 + 11*k + 8. Let u(y) = -5*d(y) + 3*x(y). Determine u(7).
6
Let b(f) = -5*f**3 + 19*f**2 + 8*f + 2. Let o(l) = 14*l**3 - 55*l**2 - 23*l - 5. Let i(a) = -17*b(a) - 6*o(a). What is i(-6)?
20
Let i(n) be the first derivative of n**3/3 + 3*n**2/2 - 3*n - 1. Let v be i(-4). Let y(t) = 78*t - 18*t - 23*t + 1 - 19*t - 22*t. What is y(v)?
-3
Let o(h) = 24 + 386*h - 5 - 385*h + 5. Give o(-7).
17
Let b(c) = -c + 17. Let y be b(14). Let n(w) = -4*w + 6*w**2 + 3*w + 1 - w**y + 9*w. Determine n(7).
8
Let b(o) = 5*o - 2*o + 6*o - 8*o + 5. Let v(h) = -h - 12. Let s(u) = -7*b(u) - 3*v(u). What is s(6)?
-23
Let n(s) be the second derivative of 3*s**5/20 - s**4/6 - s**3/3 - s**2/2 - s. Let a = -66 - -71. Suppose 5*r - 17 + 2 = -a*i, -5*i - 1 = r. Determine n(i).
-4
Let i = -29 + 22. Let x(s) = s**2 + 8*s + 8. Calculate x(i).
1
Let y(q) = q**3 + 3*q**2 - 1. Let n = -23 + -4. Let d = 26 + n. What is y(d)?
1
Let u(y) be the first derivative of -y**2 + 21*y + 13. Determine u(10).
1
Let x(a) = -1. Let l = -62 + 63. Let r(z) = 2*z + 10. Let o(p) = l*r(p) + 2*x(p). Calculate o(-6).
-4
Let p(j) = 12*j**2 - 2*j - 1. Suppose -16 = 4*k, -t - k = -4*t + 1. What is p(t)?
13
Let i(a) be the second derivative of a**5/20 - 5*a**4/6 + 11*a**3/6 - 8*a**2 + 41*a + 2. Calculate i(9).
2
Let d(x) = -13*x**2 - 29*x + 40. Let s(n) = -7*n**2 - 15*n + 21. Let q(v) = 6*d(v) - 11*s(v). What is q(-7)?
23
Let n(r) be the second derivative of -r**5/20 - 2*r**4/3 - 4*r**3/3 - 2*r**2 - 2*r + 175. Give n(-7).
3
Let b(h) = h**3 - 5*h**2 - 2*h + 6. Let s(r) = -28*r + 1. Let o be s(-2). Let t be 1/(o/(-15) - -4). Calculate b(t).
-4
Let s(n) = -4*n**2 - 2*n**3 - 3*n**2 + 2*n - 3*n**2 - 4*n**2 + 21 + n**3. What is s(-14)?
-7
Let x(v) = -v + 10. Let b(k) = k - 8. Let o(s) = 7*b(s) + 6*x(s). Calculate o(-2).
2
Let z be (2/2)/((-5)/15). Let r(v) be the second derivative of -v**5/20 - v**4/4 + v**3/6 - 3*v**2/2 - 8*v. Determine r(z).
-6
Let x(j) = -105*j + 52*j - 14 + 54*j. Let l = 1 + -1. What is x(l)?
-14
Let c(v) = v + 4. Let o(k) = 2*k + 8. Let n(f) = -9*c(f) + 4*o(f). Let x = 9 + -15. What is n(x)?
2
Let y(t) be the second derivative of t**5/20 + 7*t**4/12 + 2*t**3/3 - t**2/2 + t. Suppose k - 14 = -7, 3*k = 5*i + 51. Give y(i).
11
Let d(h) = h - 6. Let g be d(8). Let c(o) = 0 + o**2 + o - 2 - 2*o**g + 3. What is c(3)?
-5
Let c(b) = -2*b**2 + 4*b - 3. Let o(r) = -r - 4. Let j be o(-4). Suppose 2*k = -22 + 16. Let t be j/(8/(-4)) - k. Give c(t).
-9
Let b(z) = -3 - 4 + z + 0. Let l be (3 - 1)/((-8)/(-20)). Calculate b(l).
-2
Let m(t) = -t**2 - 7*t + 7. Suppose 4*a = -4*l - 4, -24 = -4*a + 3*l - 0*l. Let b be (-5 + -16)*1/a. What is m(b)?
7
Suppose 0 = 3*n - 2*l - 12, 2*l + 1 = n - 3. Let a(f) be the third derivative of -f**5/60 + f**4/12 + f**3/6 - f**2 - 123. What is a(n)?
-7
Let t(u) be the second derivative of u**7/2520 - u**6/120 - u**5/60 + 13*u**4/12 + 9*u. Let k(g) be the third derivative of t(g). Give k(3).
-11
Let m(t) = -5*t - 132. Let c(b) = -7*b - 194. Let v(u) = 2*c(u) - 3*m(u). Suppose -2*k = -2, 4*q - 18 = 4*k + 2. Give v(q).
14
Let n(w) = -w - 1. Let u = 17 + -14. Suppose l - u*o + 4 = 0, 0*l + 12 = -3*l + 5*o. Give n(l).
3
Let i(s) be the first derivative of s**3/3 - s**2/2 + 3*s - 30. Let a = -60 - -64. Determine i(a).
15
Suppose 4*z + 5 = 5*z. Let b be 9/6*24/18. Let o(w) = -29*w + w**b + 13*w + 13*w - 5. What is o(z)?
5
Let k(o) = -3*o**3 + 15*o**2 + 10*o - 5. Let h(l) = -2*l**3 + 10*l**2 + 7*l - 3. Let q(c) = -7*h(c) + 5*k(c). Suppose -10 = -5*r + 3*r. What is q(r)?
1
Let h(r) = 2*r**2 - 3*r + 1. Let q be h(0). Let k(p) = 3*p**3 - 2*p**2 + p. What is k(q)?
2
Let l(s) = s - 16. Let h(c) = -c**3 - 12*c**2 - 42*c - 24. Let i be h(-4). What is l(i)?
0
Suppose 5*r - 5*a = -40, 3*r = -3*a + 6 - 0. Let x(s) = -s + 4*s - 3 + 0*s - 4*s. Determine x(r).
0
Suppose -24*g + 75 = -45. Let n(o) = -o**2 - 2*o + 2. Determine n(g).
-33
Let o(z) be the first derivative of 2*z**3 + z**2/2 - z - 12. What is o(2)?
25
Let y = 45 + -17. Suppose -14*i = -10*i + y. Let s(o) = -o**3 - 8*o**2 - 8*o - 10. Give s(i).
-3
Let j(r) = 1 + 11 - 12 - 3*r. Let x(p) = -p - 6. Let b be x(-7). Calculate j(b).
-3
Let c(z) = -z + 1. Let m(u) be the third derivative of -u**4/8 - 11*u**3/2 - 11*u**2. Let k be m(-12). Determine c(k).
-2
Let a = -1684 + 1681. Let m(d) = -d**2 - 5*d - 3. Give m(a).
3
Let b(x) = -4*x**2 + 2*x + 7*x**2 - 4*x**2 + 2*x**2 + 3*x. What is b(-5)?
0
Let s be ((-2)/3)/((-2)/(-42)). Let k = s - -16. Let v(c) = -52*c + 52*c + 2*c**k - 3 - c**2. Give v(3).
6
Let v(m) = -m**3 + 6*m**2 - m - 4. Let u be ((-16)/14)/8 - 129/(-21). Determine v(u).
-10
Suppose -6*q - 177 = 303. Let j = q - -79. Let u(d) = -5*d**3 - d. Calculate u(j).
6
Suppose 12*w - 37 - 35 = 0. Let l(y) = -6*y + 33. Give l(w).
-3
Let t(j) = j**2 - j - 9. Let d be t(4). Let m be ((-6)/3 + 1)*d. Let z(q) = 2*q**2 + 5*q + 4. Give z(m).
7
Let d be 15/(21/14 + -3). Let t(n) = -n**3 - 9*n**2 + 10*n - 13. Determine t(d).
-13
Let r(h) = 10*h**3 + 55*h**2 + 136*h + 77. Let y(c) = 3*c**3 + 19*c**2 + 45*c + 26. Let n(f) = -2*r(f) + 7*y(f). Determine n(-21).
7
Let y(x) = x**2 + 12*x - 6. Let m be y(0). Let s(p) = p**2 + p - 6. Give s(m).
24
Let c = -85 - -95. Let s(v) = 2*v - 26. Calculate s(c).
-6
Let t = 434 + -435. Let r(c) = -37*c**3 + 1. Calculate r(t).
38
Let h(w) = -w**3 - 3*w. Let m(d) = -5*d**3 - 10*d**2 - 9*d + 7. Let q(j) = 6*h(j) - m(j). Give q(9).
-7
Let u(b) = -b**2 + 2*b. Let w(j) be the second derivative of j**4/6 - 7*j**3/6 + j**2/2 + 33*j. Let k(h) = 3*u(h) + w(h). Calculate k(0).
1
Let g(q) = 65*q**2 - 33*q**2 - 33*q**2 + 8*q + q + q + 15. Determine g(12).
-9
Let w(o) = o**3 + 13*o**2 + 12*o. Let i(r) = r**2 - 31*r + 138. Let y be i(25). What is w(y)?
0
Let c(l) = 8*l**2 - l + 1. Suppose -w = 2*g + 4 + 3, 0 = -2*w + 5*g - 32. Let j = w - -10. Let y = j + 2. Calculate c(y).
8
Let v(w) = -